8). Calculate g(l).
17
Suppose 3*l - 3*t = 0, l + 0 = 4*t - 6. Let d(f) be the first derivative of 3 - 2*f + 1/3*f**3 - 2*f**l. What is d(5)?
3
Let w be 7/(105/(-6))*5*-1. Suppose 2*f - 3*f + w*x = 8, 5*f - 5*x + 25 = 0. Let t(v) = -7*v + 2. Determine t(f).
16
Let m(i) = 15 + 52*i**3 - 4 - 53*i**3 + 12*i**2 - 1 - i. What is m(12)?
-2
Suppose 5*k + 8 = 2*c + 42, c - 5*k = -27. Let p(y) = -y**3 - 8*y**2 - 7*y + 1. Calculate p(c).
1
Suppose 0 + 1 = -k. Let n(z) = 6*z**3 + 5*z**2 + 3*z - 5. Let a be (-7*-1*(-8)/(-28))/2. Let m(g) = g**2 + g - 1. Let f(l) = a*n(l) - 4*m(l). Give f(k).
-5
Let p(s) = s**2 - 14*s - 15. Suppose -84*o + 83*o - 76 = -5*f, 3*o = -3. Calculate p(f).
0
Suppose c - 3 = 6. Let s = -4 - c. Let v = s + 17. Let z(f) = f**3 - 4*f**2 + 2. Determine z(v).
2
Let m(s) = 4*s**3 + 8*s**3 + 2 + 8*s**3 - 20*s**3 + s**3 + 7*s**2 + 5*s. Suppose 5*r + j + j = -50, 5*j + 35 = -5*r. Let k = 6 + r. Calculate m(k).
8
Let p be (-7)/(-14) + -10*(-3)/(-4). Let o(m) = m**2 + 8*m - 9. Determine o(p).
-16
Suppose -7*v + 30 = -2*v. Let r(l) be the second derivative of 5/2*l**2 + 1/20*l**5 + 2*l + 0 - 7/12*l**4 + 2/3*l**3. What is r(v)?
-7
Let z(w) = w**2 + w + 20. Let c(d) = -2*d**2 + 4*d + 48. Let i be c(-4). Give z(i).
20
Let b(l) = -1 + 25*l**2 - 2*l + 0 + 27*l**2 - 56*l**2. Give b(-2).
-13
Let f = -1491 - -1485. Let t(r) = r - 12. Calculate t(f).
-18
Let k(g) = -g**3 + 9*g**2 - 6*g + 5. Let j(l) = 20*l - 712. Let t be j(36). Calculate k(t).
21
Let x(s) = 4*s**3 + 9*s**2 - 2*s - 6. Let g(a) = 11*a**3 + 26*a**2 - 5*a - 17. Let d(j) = -3*g(j) + 8*x(j). Let l be (-8)/(-4)*(-2)/(28/21). What is d(l)?
-21
Let q(c) be the second derivative of -2*c**3/3 + c**2/2 - c. Suppose -2*r - 214 + 221 = 3*k, -2*r = 2*k - 6. What is q(k)?
-3
Let d(y) = y**3 - 2*y**2 + 2*y + 1. Let i = -21 - -30. Let b(j) = -j**2 + 10*j - 5. Let s be b(i). Let n be (s/(-8))/(3/12). What is d(n)?
-19
Let n(k) be the third derivative of k**5/60 + k**3/6 + 2*k**2. Let b(f) be the first derivative of n(f). Suppose 3*p + 9 = 0, -4*z = -4*p + 6*p - 10. Give b(z).
8
Let b(h) = h**3 + 4*h**2 - 3*h - 11. Let u be b(-4). Let z be (9/(-6) - -3 - u)*14. Let r(v) = -v**3 + 6*v**2 + 8*v + 1. Give r(z).
8
Let o = 12 + -9. Let u(v) = v + 0*v**o + v**2 - v**3 - 8 + 6. Suppose 3*y + y - 4 = 4*r, 6 = -2*r. Determine u(y).
8
Suppose -5*z - 8 = -z. Let u(r) = -9*r - 3. Calculate u(z).
15
Let u(o) = -9*o + 2. Suppose 0 = 6*q - 113 + 95. Determine u(q).
-25
Let q(i) be the third derivative of i**4/24 - 4*i**3/3 - 64*i**2. Determine q(7).
-1
Let q(i) = i + 1. Suppose 0 = -d - 3*m, 6*m = 9*m - 6. Let v(w) = -5*w**2 + 6*w - 5*w + w**3 + 10*w + 1. Let u(p) = d*q(p) + v(p). Determine u(4).
-1
Let u be (12/14)/(45/210). Suppose 3*q = -z - 6, 6 = -5*z - 5*q - u. Let y(c) = 2*c + 16. Let p(s) = -s - 15. Let i(a) = 3*p(a) + 2*y(a). Calculate i(z).
-13
Let b(n) = n**3 + 6*n**2 + n - 3. Let h = 308 - 314. What is b(h)?
-9
Suppose -6*v + 8 = -4. Let s(n) = -n**2 - n - 138 - v*n - n**3 + 136. Give s(-2).
8
Let g(t) = -6*t. Suppose i - 23 = 5*f, 2*i - 2*f = -4*f + 10. Suppose -5*q = -2*l - 2*l + 21, -4*q + l - i = 0. Calculate g(q).
6
Let c(p) = 33*p + 39. Let q(b) = 2*b + 2. Let r(i) = -c(i) + 18*q(i). Calculate r(8).
21
Let x(q) = -2*q - 6. Let w be x(3). Let m = 17 + w. Suppose -1 = -g + 2*d, -g + 3*g + m*d = -7. Let n(j) = -4*j + 1. Give n(g).
5
Let h(c) = 10*c**2 + 34*c**2 - 26*c + 54*c - 8*c**3 + 39 - 25*c. Let w(o) = 3*o**3 - 15*o**2 - o - 13. Let f(l) = 4*h(l) + 11*w(l). Give f(-11).
2
Suppose -3*n + 5*k = -58, 2*k - 40 - 5 = -5*n. Let a(o) = 2*o**2 - 25*o + 25. Calculate a(n).
-8
Let k be -8*(2 - (-68)/(-32)). Let h(m) = m**2 - 3*m + 1. Give h(k).
-1
Let k = 49 + -19. Suppose 0 = -s - 4*r + k, -3*r - 2 = -3*s + 13. Suppose 0 = 2*c - 4*b - 2, 0*c = 2*c + 4*b - s. Let z(i) = -i - 3. Calculate z(c).
-6
Let b(c) be the third derivative of -1/2*c**3 + 0*c - 1/120*c**6 + 0 + 15*c**2 - 1/12*c**5 + 7/24*c**4. Give b(-6).
-9
Let q(d) = d**2 - 7*d + 4. Let r(z) = -3*z + 1. Let t be r(2). Let c(u) = u**2 + 2*u - 10. Let i be c(t). What is q(i)?
-6
Suppose 35 = -2*i + 4*i - 5*p, -i - 5 = 2*p. Suppose -i*b - 12 = -37. Suppose b*v - 11 = -3*w, 4*v - 3*v - 19 = 5*w. Let d(q) = -2*q - 2. Give d(w).
4
Let f(v) = 16*v + 1. Let a = -239 - -241. Give f(a).
33
Suppose -5*a + 27 + 23 = 0. Let q = 26 - a. Let c = q - 20. Let h(g) = -2*g**2 - 5*g. Determine h(c).
-12
Suppose -2*n + 3*v + 4 + 6 = 0, -2*v = -n + 5. Let x(r) = -r - 3. What is x(n)?
-8
Suppose 23*s + 172 = 149. Let l(u) = -24*u**2 - u. Calculate l(s).
-23
Let c(g) = g**3 + 9*g**2 + 11*g - 9. Let d be c(-5). Suppose -11*h = -5*h - d. Let z(t) = -3 + 3 + 6 + t**2 - 6*t. Determine z(h).
6
Let s(z) = z**2 - z + 4. Let b be 3 + 3/(-9)*0. Let x be b/(((-9)/(-6))/1). Suppose 4*l - 5 - 4 = u, -3*u + 15 = x*l. Calculate s(u).
10
Let c(j) = 4*j + 5. Suppose 4*t + 0*t - 4*p - 12 = 0, 5*t - 24 = -4*p. Suppose 25 = 5*g - 5*k, g + g + t*k = 4. Determine c(g).
21
Let g(s) = -11*s. Let t(o) = 155*o. Let c(a) = -85*g(a) - 6*t(a). Let m = -15 - -16. Calculate c(m).
5
Let j(i) = -2*i - 24. Suppose 35*g - 6*g = 0. What is j(g)?
-24
Suppose 453 = -28*s + 61. Let b(a) = -a**3 - 15*a**2 - 14*a + 16. Determine b(s).
16
Let m(w) = -3*w + 1. Let z(i) = -17*i - 84. Let l be z(-5). What is m(l)?
-2
Let b(q) = q**3 - 6*q**2 - 2*q + 8. Let w(x) = -54 - 51 + x + 106 + 4*x. Let h be w(1). Give b(h).
-4
Let s(t) = -t**3 - 14*t**2 - 45*t - 46. Let p be s(-10). Let q(z) = -z**2 - 4*z - 2. What is q(p)?
-34
Let z(d) = d - 1. Let x(n) = 2*n + 6. Let m = 11 + -9. Let w(h) = h - 1. Let g be w(m). Let c(s) = g*x(s) - 3*z(s). Give c(0).
9
Suppose -5*a - 3*f - 19 = 0, -6*a + 1 = -7*a - 2*f. Let u(w) = 3*w + 12. Determine u(a).
-3
Let b(v) = -v**3 - 7*v**2 + 8*v - 4. Let s = 33 + -41. Let q be 66/s + (-5)/(-20). Give b(q).
-4
Let h = -1 - -4. Let t(b) = b**2 + 5*b - 10*b + 3*b + 2 + b**h. Let p(k) = -2*k - 17. Let m be p(-7). Determine t(m).
-10
Let d(l) = -l**2 - 3*l + 46. Let z be d(-8). Let a(t) = -t**2 + 5*t - 5. Give a(z).
-11
Let m be (-6)/15 + 12/5. Let k(b) = -5*b - 2*b**2 + 0 + m*b + 0 + 1. What is k(-3)?
-8
Suppose 0*o - o = -2. Suppose 0 = 2*c - 4, 6 = o*a + 5*c - 2. Let w(k) = -9387*k**3 + 9383*k**3 - 9*k - 1 + 9*k + 2*k**2. Give w(a).
5
Let j(t) = 33*t - 4*t + 49 - 7*t - t**3 + 3*t**2 - 3*t**2 + 23*t**2. Determine j(24).
1
Suppose -17*c - 2*c + 57 = 0. Let a(u) be the second derivative of -1/2*u**2 + 1/3*u**c + 0 + 2*u. What is a(-2)?
-5
Suppose -4*o + 9 = -3*o. Let d(v) = 8*v + 1. Let u(l) = 32*l + 5. Let s(n) = o*d(n) - 2*u(n). Suppose 0*k = 5*k + 5. What is s(k)?
-9
Let s be 0 - (-27 + 8 + 6). Let o(d) = -d**2 + 15*d - 11. Determine o(s).
15
Let r = -102 + 92. Let c(l) = 12 + l + 4 - 5 + 0. Calculate c(r).
1
Let z be (3 - 5) + 1 + 31. Suppose -8*c + z = -3*c. Let v(m) = -3*m + 4. Calculate v(c).
-14
Suppose 10*n - 14*n - 4 = 0. Let c(u) = 30*u**2 + 2*u + 1. Calculate c(n).
29
Let u(a) = -a**2 + 3*a + 8. Suppose 4*q = -5*t + 18, -14 - 19 = -4*t + 3*q. Determine u(t).
-10
Let c be 2/(-8)*(-2 - -2). Let f(z) = -z - 2 + 1 + 0 + c. Give f(0).
-1
Suppose 2*n - 11 = 9. Let k = n - 3. Let t(f) = -2*f + 13. Let d be t(k). Let o(a) = 6*a**3 + a**2 - a - 1. Give o(d).
-5
Let m(c) be the second derivative of -3/2*c**2 - 7*c - 1/3*c**3 + 0. Determine m(-3).
3
Let t(l) = l**2 - 4*l - 3. Let h(p) = -7*p - 8. Let j be h(-2). What is t(j)?
9
Let h(n) be the third derivative of n**4/4 - 5*n**3/6 + 110*n**2. Determine h(-4).
-29
Suppose 0 = -0*q - q + 5. Let t(l) be the second derivative of l**4/6 - l**3 + 4*l + 428. Calculate t(q).
20
Let m(p) = 3*p. Let y be -1*(3 - 1) - -6. Let i(v) = -y*v + 1 + 0*v - 12*v + 4*v. Let d(k) = 2*i(k) + 9*m(k). What is d(3)?
11
Suppose 0 = 3*v - z - 16, v = -2*v - 5*z + 46. Suppose 3*p - v = -10. Let n be (-3 + -1)*p + 0. Let y(g) = -2*g. Give y(n).
-8
Let m(l) = -l**3 + 7*l**2 - 6*l + 3. Let k(y) = 23 + 10 - 12 - y. Let i = -27 + 42. Let g be k(i). Calculate m(g).
3
Let b(d) = -d**3 - d**2 + 3*d + 3. Suppose -3*y + 0*y - 18 = -2*k, 3*k - 2*y - 22 = 0. Let j = -8 + k. Give b(j).
1
Suppose -2*r + 25 = 5*q, 5*r - 5 = 5*q + 5. Let l(d) = -5*d**2 + 23*d - 6. Let x(t) = -t**2 + 5*t - 1. Let m(f) = -l(f) + 4*x(f). Give m(r).
12
Suppose 0 = 363*i - 353*i. Let y(s) = 2*s**2 + s + 5. Give